 a(w).
4
Let p(m) be the third derivative of m**5/60 - 11*m**3/6 + 26*m**2. Let z be p(-4). Let q(w) = -w**3 + 4*w**2 + 4*w - 4. Give q(z).
-9
Suppose 11 = -4*u - 5*k, -2*k + 5 = 3*k. Let i be u/(-6) - 20/(-6). Let f(g) be the first derivative of g**3/3 - 5*g**2/2 + 3*g - 3. Determine f(i).
-1
Let b = -223 - -216. Let j(t) = t**2 + 7*t - 5. Determine j(b).
-5
Let t(f) be the first derivative of 4*f**3/3 - 41. Determine t(-2).
16
Let q(j) be the second derivative of 0 - 1/2*j**3 + 1/12*j**4 + j**2 + 15*j. Determine q(2).
0
Suppose -4*u - 14 = 2*f, 0 = 25*f - 30*f - u - 17. Let i(r) = -2*r**3 - 4*r**2 - 3*r - 3. Calculate i(f).
24
Let g(h) be the first derivative of h**4/4 + 4*h**3/3 + h**2/2 + 4*h - 1318. Let w(d) = d**3 + 4*d**2 - 4*d + 1. Let k be w(-5). What is g(k)?
0
Let r(o) = -31*o**2 + o. Let x = 142 + -141. Give r(x).
-30
Let w(s) = 4*s**2 - 3*s - 13. Let i(b) = -b**2 + 2*b + 1. Let t(v) = 5*i(v) + w(v). Give t(7).
-8
Suppose -o + 15*z - 14*z = 1, 0 = -3*z + 15. Let p(v) be the second derivative of 1/6*v**3 + 0 + 2*v - 5/2*v**2. Calculate p(o).
-1
Let u(i) = -5*i**2 - 6*i - 6. Let k(g) = -g**2 - 1. Let w(n) = -6*k(n) + u(n). Suppose -30 = -5*v - 5*r, 5*v - 18 = 2*v + 2*r. What is w(v)?
0
Let k(l) = -979 + 1965 - 982 - l - 13*l**2 + 3*l**3 + 2*l. Calculate k(4).
-8
Let u(z) = -4*z - 2. Suppose 5*p = 101 + 49. Let n = -32 + p. Determine u(n).
6
Let i(y) = 3*y**2 + 22*y + 25. Let k(f) be the first derivative of -2*f**3/3 - 15*f**2/2 - 17*f + 4. Let s(m) = 5*i(m) + 8*k(m). What is s(-8)?
5
Let f(d) = -13*d + 19. Let i(s) = -8*s + 10. Let a(h) = -3*f(h) + 5*i(h). What is a(-8)?
1
Let x(f) = 2*f - 3*f + 0*f - 4 + 0 + f**2. Let a = -30 - -27. Let m = 3 + a. Give x(m).
-4
Let v(h) be the second derivative of -h**4/12 + 17*h**3/6 + 18*h**2 - 13*h. Let c be v(19). Let z(x) = -x**3 - 3*x**2 - 4*x - 3. Determine z(c).
1
Let r(n) = 8*n + 102. Let k be r(-12). Let p(x) = -x**2 + 6*x - 6. Calculate p(k).
-6
Let v = -162 + 153. Let p(w) = w**2 + 9*w + 6. What is p(v)?
6
Let s(i) = i. Let a(p) = p**3 - 4*p**2 + 5*p. Suppose -2*x = -15*x + 13. Let o(l) = x*a(l) - 3*s(l). Determine o(4).
8
Let i(p) = 3*p + 31. Let n(t) = -34*t - 759. Let w be n(-22). Give i(w).
-2
Let u be 1/(-2)*0 - 2. Let i be u/(-1) + (1 - 0). Let t(v) = -4*v**2 + 2 + 5*v**2 - 11*v**2 - 5*v + v**3 + 8*v**2. What is t(i)?
-4
Let c(q) = 9*q - 1. Let i(y) = -y**2 - 26*y + 12. Let f be i(-26). Let l be (-1)/(8/40 + f/(-10)). What is c(l)?
8
Suppose -l - 6 = -m, 3*l - 2*m - 1 = -16. Let o be -4*(-2)/4 - l. Let x(y) = -2*y + 1. Give x(o).
-9
Let q(f) = -6*f + 13. Let p(i) = -i + 2. Let g(d) = -5*p(d) + q(d). Calculate g(12).
-9
Let c be 0 - (-11)/((-55)/10)*-1. Let y(x) be the second derivative of 1/6*x**3 + 1/2*x**c - 8*x - 1/20*x**5 - 1/6*x**4 + 0. Determine y(-1).
-1
Let s(h) = -h**3 + 3 - 3*h + 4*h**3 + 6*h**3 - 8*h**3 - 3*h**2. Give s(4).
7
Let s(x) be the second derivative of 5*x + 0*x**3 + 1/2*x**2 + 1/12*x**4 + 0. What is s(1)?
2
Let b(w) = 40*w + 7. Let o(j) = -75*j - 13. Let p(s) = 11*b(s) + 6*o(s). What is p(-1)?
9
Let w(l) be the second derivative of -1/12*l**4 + 0 - 2*l + l**3 + 0*l**2. Give w(6).
0
Let d(k) = -k**2 + 6*k - 4. Let s(o) be the third derivative of -o**5/60 + 5*o**4/24 - 296*o**2. Let n be 0 - -6 - (-1 + 3). Let x be s(n). Calculate d(x).
4
Let x(y) be the first derivative of 1/20*y**5 + 1/6*y**3 + 2 + 1/12*y**4 + 3*y**2 - 9*y. Let p(u) be the first derivative of x(u). What is p(0)?
6
Let m be -6 - -2 - (-23 + -2). Let c = m - 19. Let u(s) = 2 - 7*s - 3*s**2 + 5*s - c. Give u(-2).
-8
Let q(m) be the third derivative of m**5/60 + m**4/6 + m**3/3 - 7*m**2. Let z(c) = -3*c**2 - c - 2. Let a be z(2). Let i be (a/20)/((-1)/(-5)). What is q(i)?
2
Suppose 156 = -5*n + 2*n. Let b = n - -27. Let w be (-2)/8 + b/(-4). Let f(p) = -p + 4. Calculate f(w).
-2
Suppose -2*z = -17 + 5. Let x(d) = -d**2 + 2*d + 16. Let g be x(z). Let b(c) = -c + 5. Calculate b(g).
13
Suppose -21 = -0*p - p + 5*j, 0 = 2*p - 3*j - 7. Let y = 3 + p. Let m(o) = 2456040*o**2 - 2 + 3 - 2456039*o**2 + o**3. What is m(y)?
1
Let j(k) = -5*k**3 + 2*k**2 + 1. Let l(y) = -9*y**3 + 5*y**2 + y + 2. Let o(r) = -5*j(r) + 2*l(r). Suppose 3*a - m + 2 = 0, 0 = 2*a - 0*a + 2*m - 12. Give o(a).
8
Let g be 6/(1 - 1/4). Let t be 3/(-2)*g/6. Let a(d) = -6*d + 14 - 11 - 3. What is a(t)?
12
Let b(r) be the second derivative of r**4/12 + 5*r**3/6 + 3*r**2 + 8*r. Let c be b(-5). Let w(q) = 5 + 1 - 3*q**2 - q + 2 + q**3 - 3*q**2. Give w(c).
2
Let y(p) = -p**3 - 16*p**2 - 28*p + 8. Suppose -31*n - 289 = 145. Determine y(n).
8
Let b(h) = -5 + 4*h + 3 + 3. Let l = -88 - -93. Suppose -4*s + 3*x - 2 = l*x, 4*s = -3*x + 3. Give b(s).
-11
Let t(m) be the second derivative of -m**6/120 + m**5/30 + m**4/8 - m**3/2 - 3*m**2 - 7*m. Let b(l) be the first derivative of t(l). What is b(4)?
-23
Suppose -6*g + 8 = -5*g. Let w be (22 + 3)*(-4)/10. Let u = w + g. Let h(z) = 6*z. What is h(u)?
-12
Let d = -784 - -790. Let t(o) = 4*o - 32. Give t(d).
-8
Let z(c) = c + 13. Let g be (-6)/(-4) + (-403)/62. Let u(l) = -l - 1. Let y(f) = 4*f - 6. Let v(h) = 5*u(h) + y(h). Let s be v(g). Determine z(s).
7
Let w = -33 - -33. Suppose w = -7*c + 66 - 24. Let a(s) be the third derivative of -s**4/24 + s**3/3 + s**2. What is a(c)?
-4
Let y be (-240)/(-45)*(-3)/(-2). Let j(x) = -x**3 + 9*x**2 - 8*x + 8. Give j(y).
8
Let a(l) = l**2 - 3*l - 7. Let s(v) be the third derivative of 1/30*v**5 + 0 + 2*v**2 + 0*v + 7/24*v**4 + 1/6*v**3. Let j be s(-4). What is a(j)?
3
Let o(y) = 7*y - 10. Let x(s) = s - 1. Let c(f) = -f**2 + 4*f - 3. Let h be c(2). Let g(i) = h*o(i) - 6*x(i). What is g(-3)?
-7
Let w(h) = -13*h + 5. Let g(u) = -10*u + 8. Let d(c) = -4*g(c) + 3*w(c). Give d(9).
-8
Suppose -4*z + 25 = 3*g, 2*g - 5*z + 2 = -12. Let n(p) = -12*p**2 + 6 + p + 2*p**2 + 11*p**2 - g*p. Give n(5).
21
Let c be -8 + (-312)/(-40) - 68/10. Let q(i) = 2*i - 3. Give q(c).
-17
Suppose 4*g - 18 = -7*q + 9*q, -4*q + g - 1 = 0. Let j(l) = -9*l + 1. Determine j(q).
-8
Let j(x) be the second derivative of x**4/6 - 3*x**3/2 - 5*x**2/2 + 46*x. Determine j(5).
0
Suppose 0 = 6*p - 12*p + 24. Suppose 9*m - p*m - 5 = 0. Let b(l) = 2*l**3. What is b(m)?
2
Let k(z) = z**2 + 5*z. Let r(o) = 4*o**3 + 2*o - 1. Let q be r(2). Let d = 31 - q. Determine k(d).
-4
Let n(y) = -7*y**2 + 7*y + 13. Let a(v) = -4*v**2 + 4*v + 7. Let k(m) = 5*a(m) - 3*n(m). Let q(g) = 2*g + 13. Let b be q(-5). Calculate k(b).
2
Let o(c) = 16*c**2 + 9*c**2 - 24*c**2 + 11*c - 6*c + 3. Calculate o(-2).
-3
Let s(p) = p - 3. Suppose -5*d + 145 = 40. Suppose 20 = -d*l + 26*l. What is s(l)?
1
Let c be (75/(-270))/(2/(-6)*2). Let v(k) be the second derivative of -7*k + 0 + 0*k**3 - 1/2*k**2 + c*k**4. Give v(-1).
4
Let z(c) be the first derivative of c**4/12 - c**3 - 21*c**2 - 2. Let w(x) be the second derivative of z(x). Calculate w(7).
8
Let b(i) be the third derivative of 0 + 4*i**2 - 3/2*i**3 - 1/3*i**4 - 1/120*i**6 + 0*i - 7/60*i**5. Suppose -2*c - 12 = -0*c. Calculate b(c).
3
Suppose -2*s = -2*f + 508, -306 + 36 = -f - 3*s. Let p be f/(-36) - (-2)/12. Let o(b) = -b**2 - 7*b - 16 + 3 + 9 + 0*b**2. Calculate o(p).
-4
Let q(r) = -r + 13. Let u be q(14). Let f be (-1 - (-1 - 1))*u. Let s(p) = -p**3 + 1. Determine s(f).
2
Let m be 3 + 4/(8/6). Let c(q) = -q - 3*q + q + q + m. Let h(i) = i**2 + 5*i. Let y be h(-6). Calculate c(y).
-6
Let z(c) = -c**2 - 48*c - 139. Let l be z(-45). Let q be 4/14 - 4/14. Let g(k) = 0*k + q*k - 1 - k. Determine g(l).
3
Let a(l) be the second derivative of -5*l**4/12 - 10*l + 1. What is a(-1)?
-5
Let g(j) = -4*j**2 + 3*j**2 + 7*j - 16*j. Calculate g(-8).
8
Suppose 0 = 5*q + 2*r - 323, 6*q - q - 335 = -5*r. Suppose 4*s + 3*s = q. Let n(w) = -2*w + 13. Determine n(s).
-5
Let s(i) = 3*i**2 - 8*i + 4 + i**3 - i**2 + 0*i**2 - 4*i**2 + 0*i**2. What is s(3)?
-11
Suppose -2*v - 4 = -0*v. Let y be 0/((-3 - -4) + v). Let q(x) be the first derivative of x**4/4 + 4*x - 2. What is q(y)?
4
Let h(d) = -d + 2. Let t be (-376)/8 + (1 - 2). Let k = 44 + t. Determine h(k).
6
Let f(u) be the second derivative of 1/12*u**4 + 15*u - 3/2*u**3 + 0*u**2 + 0. Determine f(9).
0
Let k(w) = w + 2. Let s be 2/3 + 70/21. Let l = s + -4. Suppose -3*u = -l*u - 18. What is k(u)?
8
Let j(q) = -q**2 + 2*q + 1. Suppose -20*x = -15*x - 